 3*t = 3*p - 7*p - 15. Let w be ((-4)/(-6))/(2/3). Let d = w - p. List the prime factors of d.
7
Suppose -4*w = -2*d + 84 - 428, 2*w - 4*d - 160 = 0. What are the prime factors of w?
2, 11
Let y(l) = -l + 30. List the prime factors of y(-13).
43
Let i = -8 - -17. List the prime factors of i.
3
Let v = 70 + -25. What are the prime factors of v?
3, 5
Suppose -4*j - 7*w = -2*w + 7, w + 3 = 0. Let q = -4 + 14. Suppose 3*u = q + j. What are the prime factors of u?
2
Suppose -4*p + 3*c + 7 = -2*c, -20 = -4*c. Let v = p - -5. What are the prime factors of v?
13
Let w(r) = 3*r**2 + 4*r + 2. Let h be (-85)/(-30) - 2/(-12). Suppose -4 - 2 = h*n. What are the prime factors of w(n)?
2, 3
Let g(n) = -n**3 + n**2 + n + 24. Let x be g(0). Suppose 0 = 2*l - 4*l + x. Suppose 0 = 5*o - 3*o - l. What are the prime factors of o?
2, 3
Let w(h) = -2*h + 20. Suppose -4*r + 9*r = 0. List the prime factors of w(r).
2, 5
Suppose 2*o = 6*o - 8. Suppose -4*s - g + 22 = -10, 26 = o*s - 2*g. What are the prime factors of s?
3
Let d(o) = -4*o + 7*o + o - 4 + 2*o - o**2. Let w be d(4). Suppose r - 16 = -4*j, -j - w*j + 4*r = 1. List the prime factors of j.
3
Let w be (30/25)/((-4)/(-10)). Suppose -2*d - 51 = -7*d - g, 0 = w*d - 4*g - 49. What are the prime factors of d?
11
Let k(j) = -j**3 + j**2 - j + 4. Let v be k(0). Suppose d - 85 = -v*d. What are the prime factors of d?
17
Let x(k) = 3*k**2 + k. Let w be x(1). Let t = 10 - -8. Suppose -b + w*b = t. List the prime factors of b.
2, 3
Let d(l) = 5*l - 3 + 4 + 1 - 4. List the prime factors of d(4).
2, 3
Let g be (-3)/(-3 + 0) + 4. Let x(d) = -9*d + 4. Let y be x(g). What are the prime factors of y/(-4) - (-1)/(-4)?
2, 5
Let g = 59 - 34. What are the prime factors of g?
5
Suppose p - 2*g = -0*g + 29, -13 = -p - 2*g. What are the prime factors of p?
3, 7
Let m be (-1 - -5)/(10/15). Let a(y) = -2*y - 1 - 3 - m + 0*y. What are the prime factors of a(-8)?
2, 3
Let n(d) = 3*d**2 - 4*d - 12. Let j(p) = p**2 + p - 1. Let x be j(1). Let b(s) = s**2 + s - 1. Let v(q) = x*n(q) - 4*b(q). List the prime factors of v(-6).
2
Let n = -11 + 32. What are the prime factors of n?
3, 7
Let g(h) = -2*h + 30. What are the prime factors of g(0)?
2, 3, 5
Let w be 4 + -1 + 1 - 0. Suppose -w*j + 0*j + 24 = 0. Let h = j + 0. List the prime factors of h.
2, 3
Let v = 127 - 181. Let z = -23 - v. List the prime factors of z.
31
Let m(a) = a + 11. List the prime factors of m(10).
3, 7
Let y(h) = 17*h + 23. List the prime factors of y(7).
2, 71
Let n(b) be the third derivative of -b**2 - 1/12*b**4 + 0*b + 0 + 5/6*b**3. List the prime factors of n(-4).
13
Let r be 14/5 + 2/10. Suppose 0*b = 2*k - b - 35, 9 = -r*b. Suppose h = -6 + k. List the prime factors of h.
2, 5
Let c(l) = l**3 + 5*l**2 + 3*l + 1. Suppose 0 = 3*r + 12 - 0. Let w be c(r). Suppose -5*f + 4 = -4*q + 31, 0 = -w*q - 4*f + 3. What are the prime factors of q?
3
Let j(h) = h**2 + 6*h. Let z be j(-8). Suppose -16 = -m + z. List the prime factors of (m + -3 - -1)/2.
3, 5
Let s be 18/(-4)*(1 + 5). Let t be (8/6)/((-3)/s). Suppose 0 = r - 0*r - t. What are the prime factors of r?
2, 3
List the prime factors of 67 - 3/(-4 - -3).
2, 5, 7
Suppose 2*x = 4*x - 24. Let h(p) = -p - 1. Let r be h(-5). Suppose -w - r = -x. List the prime factors of w.
2
Let m be 1 - 3*(-25)/(-3). What are the prime factors of -1*2/2*m?
2, 3
Let c = 4 - 2. What are the prime factors of 33/6 - (-1)/c?
2, 3
Suppose -7*s + 6*s = 0. Suppose 6*d - d - 30 = s. What are the prime factors of d?
2, 3
Let l(b) = b**2 + 5*b + 9. Let u be l(-7). Let w = u + -12. List the prime factors of w.
11
Let a(m) = -5*m**2 - m + 1. Let w be a(1). Let o(g) = g**2 + 3*g + 5. Let h(s) = -1. Let j(c) = 3*h(c) + o(c). List the prime factors of j(w).
2, 3
Suppose 0 = -4*s + 3*c + 555, 3*s + 2*c - 170 = 259. List the prime factors of s.
3, 47
Let m(u) = 99*u**2 + 3*u + 2. What are the prime factors of m(-1)?
2, 7
Suppose -13 = -4*d + 15. Let y(a) = 13*a**2 - 19*a + 41. Let l(j) = 3*j**2 - 5*j + 10. Let g(z) = 9*l(z) - 2*y(z). What are the prime factors of g(d)?
2
Let k = -21 + 44. Suppose -5*h = -6*h + k. List the prime factors of h.
23
Suppose 20*k = 25*k - 685. List the prime factors of k.
137
Suppose 5*x - 6 = -2*a, 2*x - 3*x = a - 3. What are the prime factors of a?
3
Let p be 0 + 1*-2 + 26. Suppose 2*a + 4*l - p = 0, -3*l + 1 = a - 14. What are the prime factors of 42/a + -1 + 2?
2
Let m = 16 + 70. What are the prime factors of m?
2, 43
Suppose -h + 3 = -11. List the prime factors of h.
2, 7
Suppose -2*q - 265 = -7*q. What are the prime factors of q?
53
Suppose -96 = -5*w + 139. List the prime factors of w.
47
Let b be 1/(-2*2/(-12)). Suppose 3*w + 40 = 5*s + 2*w, -4*s + b*w + 32 = 0. What are the prime factors of s?
2
Suppose -2 = u - j, 0*u + 17 = 5*u + 4*j. Let t(x) = 25*x**3 - 2*x**2 + 3*x - 2. List the prime factors of t(u).
2, 3
Suppose 0 = 12*k - 8*k - 464. What are the prime factors of k?
2, 29
Suppose -5*s + 3*z + 1356 = 0, -269 - 541 = -3*s + 3*z. What are the prime factors of s?
3, 7, 13
Suppose -5*g = -0*g. Suppose 2*m + g*m = 22. What are the prime factors of m?
11
Suppose 2*y + 3 + 1 = 0, -73 = 5*p - y. Let s(k) = -k**3 - 16*k**2 - 18*k - 22. What are the prime factors of s(p)?
23
Let z(s) = -s**3 - 8*s**2 - 3*s - 10. List the prime factors of z(-8).
2, 7
Suppose -134 = -5*p + 451. List the prime factors of p.
3, 13
Let r be 1/3*(-4 + 289). Suppose -r = h - 6*h. What are the prime factors of h?
19
Suppose 0 = -12*n + 2*n + 530. What are the prime factors of n?
53
Let o be (-12)/(-9) + 2/3. Let b = 1 + o. Suppose b*l = 7*l - 72. List the prime factors of l.
2, 3
Let o be 1/1 + 65*1. Suppose 29 = p - r, -o - 26 = -3*p - 2*r. What are the prime factors of p?
2, 3, 5
Let j(a) = -11*a**2 + 3*a + 27. Let z(d) = -5*d**2 + d + 13. Let g(t) = -6*j(t) + 13*z(t). List the prime factors of g(6).
13
List the prime factors of 1/(4/710) + 2/(-4).
3, 59
Suppose 1 = 2*q - 3. Suppose q*l = -4*o - 6 + 2, 17 = 2*l - 3*o. Suppose -4*v = -l*b - 28, -4*v - 2*b + 68 = 2*b. List the prime factors of v.
2, 3
Let w(g) = -g**3 - 3*g**2 + 4*g + 5. Let x be w(-4). Let j = 9 - x. What are the prime factors of j?
2
Let q = -11 + 5. Let l = q + 11. What are the prime factors of l?
5
Let g be 10/(-1 + (-10)/(-6)). Suppose -g = -3*c + 21. What are the prime factors of c?
2, 3
Let o be (12/8)/(1/2). Suppose 22 + 23 = o*r. List the prime factors of r.
3, 5
Let c(o) be the second derivative of -o**3/3 - o**2 - 2*o. Let g be c(-3). Suppose g*b - 43 + 19 = -4*j, -4*j = -5*b - 6. List the prime factors of b.
2
What are the prime factors of 912/42 + (-2)/(-7)?
2, 11
Let d = -11 + 13. Suppose d*x - 228 = -4*x. List the prime factors of x.
2, 19
Suppose 0 = 2*u + 3*d - 23, 3*u = 2*d - d + 7. Let b = 13 + u. List the prime factors of b.
17
Let d(c) = -7*c + 18. Let v(z) = 10*z - 27. Let w(u) = -7*d(u) - 5*v(u). Suppose 0 = -0*b + b. List the prime factors of w(b).
3
Let i be -3*(-2)/(-3)*5. Let v be 2/5 - 26/i. Suppose -4*z - w + 7 + 2 = 0, 0 = 5*z + v*w - 6. List the prime factors of z.
3
Suppose 2*j - 188 = -4*n, j + 5*n - 282 = -2*j. List the prime factors of j.
2, 47
Suppose -13 = -a - 7. What are the prime factors of a?
2, 3
Let p be 20/9 + (-2)/9. Suppose v + 7 = p*v. What are the prime factors of v?
7
Let b(i) = -100*i - 5. Let q be b(-5). Suppose -q + 35 = 5*v. List the prime factors of 4/(-12) - v/6.
3, 5
Suppose 0 = 5*h - 20, 29 = z - h + 2. List the prime factors of z.
31
Suppose 4*m = 6*m + 32. Let c = m + 44. What are the prime factors of c?
2, 7
Let o(c) = c**2 - 3*c + 3. Let n(b) = -b + 1. Let k be n(-2). List the prime factors of o(k).
3
Let g(n) = -16*n**3 + n**2. List the prime factors of g(-1).
17
Let z = 21 - 12. Let o = -6 + z. Suppose -4*j - 5*m = -o - 2, -j + 4*m + 17 = 0. List the prime factors of j.
5
Suppose y + 124 = 5*y. What are the prime factors of y?
31
Suppose -2*n = n + 6. Let b be (n - -1)*12/(-1). Suppose l = o + b, o = -l + 8 + 4. What are the prime factors of l?
2, 3
Suppose 4 = -5*g - 11. Let p = g + -1. Let z(j) = -j**3 - 3*j**2 + j - 1. List the prime factors of z(p).
11
Let x(b) = 2*b**3 - 4*b**2 + b + 4. List the prime factors of x(4).
2, 3
Let p = 187 - 129. List the prime factors of p.
2, 29
Let n be 14 + 5/(15/(-6)). Suppose n = 